What is the greatest common divisor of 22284 and 1152?
36
Calculate the greatest common divisor of 4073656 and 8.
8
What is the highest common divisor of 28908 and 5148?
396
What is the greatest common divisor of 10174 and 4?
2
Calculate the highest common divisor of 1550 and 3782.
62
Calculate the greatest common factor of 2984 and 102202.
746
What is the greatest common divisor of 22410 and 864?
54
Calculate the highest common factor of 1080 and 585.
45
What is the highest common factor of 148357 and 11?
11
Calculate the greatest common factor of 135 and 1905.
15
Calculate the greatest common divisor of 165 and 936210.
165
Calculate the greatest common divisor of 14 and 181538.
14
What is the greatest common divisor of 324411 and 17?
17
What is the highest common factor of 50 and 12570?
10
Calculate the highest common factor of 334 and 329491.
167
Calculate the greatest common divisor of 5295 and 195.
15
What is the highest common factor of 12670 and 724?
362
Calculate the highest common factor of 30295 and 6935.
365
What is the greatest common divisor of 493 and 6583?
29
Calculate the greatest common factor of 5328 and 162.
18
What is the highest common factor of 411495 and 210?
105
Calculate the greatest common divisor of 2578616 and 24.
8
Calculate the highest common divisor of 68 and 24786.
34
Calculate the greatest common factor of 8805 and 195.
15
Calculate the highest common factor of 56871 and 178.
89
What is the greatest common factor of 3208172 and 1122?
374
What is the highest common divisor of 16 and 2689136?
16
What is the greatest common divisor of 120 and 250035?
15
Calculate the greatest common factor of 390 and 342030.
390
What is the highest common factor of 172408 and 4232?
184
What is the highest common divisor of 21 and 8225553?
21
What is the highest common factor of 27 and 751377?
3
Calculate the greatest common divisor of 132 and 164274.
66
Calculate the highest common factor of 396 and 1002276.
396
What is the highest common factor of 2452188 and 4?
4
What is the greatest common factor of 11410 and 490?
70
What is the highest common divisor of 6268 and 4?
4
Calculate the greatest common factor of 14297 and 116.
29
Calculate the highest common divisor of 9 and 117297.
9
Calculate the greatest common divisor of 51 and 1626577.
17
Calculate the greatest common factor of 511885 and 22.
11
Calculate the greatest common factor of 3730 and 8810.
10
What is the highest common divisor of 1090790 and 760?
190
What is the highest common divisor of 612 and 151368?
204
What is the greatest common factor of 2 and 786?
2
Calculate the greatest common factor of 3390835 and 665.
665
What is the highest common factor of 11869 and 3575?
143
What is the greatest common factor of 996 and 18300?
12
What is the greatest common divisor of 3861 and 1584?
99
What is the greatest common factor of 10725 and 600?
75
What is the highest common factor of 226858 and 310?
62
What is the greatest common divisor of 98 and 10626?
14
Calculate the highest common factor of 1251498 and 334.
334
Calculate the highest common factor of 1419 and 4042.
43
Calculate the highest common factor of 117 and 20241.
117
Calculate the highest common divisor of 16 and 40049.
1
Calculate the greatest common factor of 5500 and 1474.
22
What is the highest common divisor of 39216 and 1824?
912
What is the highest common factor of 1014 and 12?
6
What is the highest common factor of 612 and 5440?
68
What is the greatest common divisor of 8 and 7724?
4
What is the greatest common divisor of 58 and 3708114?
58
Calculate the highest common factor of 558625 and 1090.
545
What is the greatest common divisor of 3283 and 12663?
469
Calculate the greatest common divisor of 210 and 10360.
70
What is the highest common divisor of 1386 and 117051?
33
Calculate the greatest common factor of 207162 and 18.
18
Calculate the greatest common divisor of 528 and 66792.
264
Calculate the highest common divisor of 11450 and 59082.
458
What is the highest common factor of 16 and 22096?
16
What is the greatest common divisor of 113088 and 256?
64
What is the greatest common factor of 16 and 2518400?
16
What is the greatest common factor of 43065 and 13920?
435
Calculate the highest common factor of 400 and 460.
20
What is the greatest common divisor of 37925 and 49200?
1025
What is the greatest common factor of 62346 and 12?
6
What is the greatest common factor of 11 and 441089?
11
What is the greatest common divisor of 4 and 63164?
4
Calculate the greatest common factor of 547 and 3100943.
547
What is the highest common factor of 544 and 588472?
136
What is the greatest common factor of 1653 and 7163?
551
Calculate the greatest common divisor of 632415 and 1140.
285
What is the highest common divisor of 74 and 45288?
74
What is the greatest common factor of 787518 and 9142?
1306
What is the greatest common divisor of 43 and 184771?
43
Calculate the greatest common divisor of 56199 and 1287.
429
Calculate the highest common factor of 2107 and 1813.
49
What is the highest common factor of 30 and 20335?
5
Calculate the highest common divisor of 13140 and 384.
12
What is the greatest common factor of 216 and 142?
2
What is the highest common factor of 70 and 16790?
10
What is the greatest common factor of 42 and 9072?
42
Calculate the highest common factor of 31 and 365335.
31
What is the highest common divisor of 117831 and 5973?
543
Calculate the highest common factor of 28224 and 347904.
576
What is the greatest common divisor of 99 and 46937?
11
What is the highest common factor of 96 and 2708232?
24
Calculate the highest common factor of 12586 and 620.
62
Calculate the greatest common factor of 90 and 120.
30
Calculate the highest common factor of 7203 and 33789.
21
Calculate the greatest common factor of 2544 and 19875.
159
What is the highest common divisor of 3990 and 1750?
70
What is the greatest common divisor of 1419 and 71423?
473
Calculate the highest common divisor of 1323 and 10535.
49
What is the greatest common divisor of 5707 and 247?
13
Calculate the highest common factor of 298658 and 354.
118
Calculate the greatest common divisor of 643149 and 13.
13
What is the greatest common divisor of 3547656 and 168?
168
What is the highest common factor of 793 and 1291736?
61
What is the highest common divisor of 602 and 27818?
14
What is the highest common factor of 168366 and 198?
66
What is the highest common factor of 928 and 41512?
8
What is the greatest common factor of 226304 and 61152?
416
Calculate the highest common divisor of 1071 and 5593.
119
Calculate the greatest common divisor of 399 and 84.
21
What is the highest common divisor of 522039 and 483?
21
Calculate the greatest common divisor of 3938834 and 5514.
1838
Calculate the highest common divisor of 71208 and 16.
8
Calculate the greatest common divisor of 1012 and 132388.
92
What is the greatest common factor of 96594 and 2958?
102
Calculate the greatest common divisor of 14413 and 119.
7
Calculate the greatest common divisor of 51 and 8.
1
Calculate the greatest common divisor of 121023 and 4641.
357
What is the greatest common divisor of 651 and 288393?
651
Calculate the highest common divisor of 242 and 104368.
22
What is the highest common divisor of 130 and 68185?
65
Calculate the greatest common divisor of 88 and 420134.
22
What is the greatest common factor of 303720 and 60?
60
Calculate the highest common divisor of 577521 and 2670.
267
Calculate the greatest common factor of 523080 and 30.
30
Calculate the greatest common divisor of 13 and 154596.
13
Calculate the highest common divisor of 70261 and 34.
17
What is the greatest common divisor of 7191 and 425?
17
Calculate the highest common divisor of 6970 and 1845.
205
Calculate the greatest common factor of 121994 and 75658.
362
What is the greatest common divisor of 750 and 2835?
15
What is the highest common factor of 27936 and 25996?
388
Calculate the greatest common factor of 2309984 and 592.
592
Calculate the highest common divisor of 3910 and 1472.
46
What is the highest common divisor of 2481836 and 42?
14
Calculate the highest common factor of 1444 and 9.
1
Calculate the greatest common divisor of 2893 and 33.
11
What is the highest common divisor 